{"id":112,"date":"2015-12-08T22:29:26","date_gmt":"2015-12-08T21:29:26","guid":{"rendered":"http:\/\/localhost\/wordpress-incognito\/?page_id=112"},"modified":"2026-04-14T17:56:39","modified_gmt":"2026-04-14T16:56:39","slug":"actualites","status":"publish","type":"page","link":"https:\/\/antoinebtx.fr\/wordpress-incognito\/agence\/actualites\/","title":{"rendered":"Actualit\u00e9s"},"content":{"rendered":"\n<figure class=\"wp-block-gallery has-nested-images columns-3 is-cropped wp-block-gallery-1 is-layout-flex wp-block-gallery-is-layout-flex\">\n<figure class=\"wp-block-image size-large is-style-default\"><a href=\"https:\/\/antoinebtx.fr\/wordpress-incognito\/wp-content\/uploads\/2024\/10\/WIN_20241009_15_27_04_Pro.jpg\"><img loading=\"lazy\" decoding=\"async\" width=\"1024\" height=\"576\" data-id=\"1902\" src=\"https:\/\/antoinebtx.fr\/wordpress-incognito\/wp-content\/uploads\/2024\/10\/WIN_20241009_15_27_04_Pro-1024x576.jpg\" alt=\"\" class=\"wp-image-1902\" srcset=\"https:\/\/antoinebtx.fr\/wordpress-incognito\/wp-content\/uploads\/2024\/10\/WIN_20241009_15_27_04_Pro-1024x576.jpg 1024w, https:\/\/antoinebtx.fr\/wordpress-incognito\/wp-content\/uploads\/2024\/10\/WIN_20241009_15_27_04_Pro-300x169.jpg 300w, https:\/\/antoinebtx.fr\/wordpress-incognito\/wp-content\/uploads\/2024\/10\/WIN_20241009_15_27_04_Pro-600x338.jpg 600w\" sizes=\"auto, (max-width: 1024px) 100vw, 1024px\" \/><\/a><figcaption class=\"wp-element-caption\">Salle de spectacle de Plouzan\u00e9 (29) &#8211; ACT en cours<\/figcaption><\/figure>\n\n\n\n<figure class=\"wp-block-image size-large is-style-default\"><a href=\"https:\/\/antoinebtx.fr\/wordpress-incognito\/wp-content\/uploads\/2026\/04\/WIN_20260318_12_23_53_Pro-scaled.jpg\"><img loading=\"lazy\" decoding=\"async\" width=\"1024\" height=\"768\" data-id=\"2230\" src=\"https:\/\/antoinebtx.fr\/wordpress-incognito\/wp-content\/uploads\/2026\/04\/WIN_20260318_12_23_53_Pro-1024x768.jpg\" alt=\"\" class=\"wp-image-2230\" srcset=\"https:\/\/antoinebtx.fr\/wordpress-incognito\/wp-content\/uploads\/2026\/04\/WIN_20260318_12_23_53_Pro-1024x768.jpg 1024w, https:\/\/antoinebtx.fr\/wordpress-incognito\/wp-content\/uploads\/2026\/04\/WIN_20260318_12_23_53_Pro-300x225.jpg 300w, https:\/\/antoinebtx.fr\/wordpress-incognito\/wp-content\/uploads\/2026\/04\/WIN_20260318_12_23_53_Pro-768x576.jpg 768w, https:\/\/antoinebtx.fr\/wordpress-incognito\/wp-content\/uploads\/2026\/04\/WIN_20260318_12_23_53_Pro-1536x1152.jpg 1536w, https:\/\/antoinebtx.fr\/wordpress-incognito\/wp-content\/uploads\/2026\/04\/WIN_20260318_12_23_53_Pro-2048x1536.jpg 2048w\" sizes=\"auto, (max-width: 1024px) 100vw, 1024px\" \/><\/a><figcaption class=\"wp-element-caption\">Relance r\u00e9novation thermique et fonctionnelle du complexe sportif de La Fontaine Blanche \u00e0 Plougastel-Daoulas (29) &#8211; DET en cours<\/figcaption><\/figure>\n\n\n\n<figure class=\"wp-block-image size-large is-style-default\"><a href=\"https:\/\/antoinebtx.fr\/wordpress-incognito\/wp-content\/uploads\/2026\/04\/20260206_115457-scaled.jpg\"><img loading=\"lazy\" decoding=\"async\" width=\"1024\" height=\"768\" data-id=\"2229\" src=\"https:\/\/antoinebtx.fr\/wordpress-incognito\/wp-content\/uploads\/2026\/04\/20260206_115457-1024x768.jpg\" alt=\"\" class=\"wp-image-2229\" srcset=\"https:\/\/antoinebtx.fr\/wordpress-incognito\/wp-content\/uploads\/2026\/04\/20260206_115457-1024x768.jpg 1024w, https:\/\/antoinebtx.fr\/wordpress-incognito\/wp-content\/uploads\/2026\/04\/20260206_115457-300x225.jpg 300w, https:\/\/antoinebtx.fr\/wordpress-incognito\/wp-content\/uploads\/2026\/04\/20260206_115457-768x576.jpg 768w, https:\/\/antoinebtx.fr\/wordpress-incognito\/wp-content\/uploads\/2026\/04\/20260206_115457-1536x1152.jpg 1536w, https:\/\/antoinebtx.fr\/wordpress-incognito\/wp-content\/uploads\/2026\/04\/20260206_115457-2048x1536.jpg 2048w\" sizes=\"auto, (max-width: 1024px) 100vw, 1024px\" \/><\/a><figcaption class=\"wp-element-caption\">Centre d&rsquo;Exploitation des Routes de Quimperl\u00e9 (29) &#8211; DET en cours<\/figcaption><\/figure>\n\n\n\n<figure class=\"wp-block-image size-large is-style-default\"><a href=\"https:\/\/antoinebtx.fr\/wordpress-incognito\/wp-content\/uploads\/2024\/10\/20240926_152425.jpg\"><img loading=\"lazy\" decoding=\"async\" width=\"1024\" height=\"768\" data-id=\"1941\" src=\"https:\/\/antoinebtx.fr\/wordpress-incognito\/wp-content\/uploads\/2024\/10\/20240926_152425-1024x768.jpg\" alt=\"\" class=\"wp-image-1941\" srcset=\"https:\/\/antoinebtx.fr\/wordpress-incognito\/wp-content\/uploads\/2024\/10\/20240926_152425-1024x768.jpg 1024w, https:\/\/antoinebtx.fr\/wordpress-incognito\/wp-content\/uploads\/2024\/10\/20240926_152425-300x225.jpg 300w, https:\/\/antoinebtx.fr\/wordpress-incognito\/wp-content\/uploads\/2024\/10\/20240926_152425-600x450.jpg 600w\" sizes=\"auto, (max-width: 1024px) 100vw, 1024px\" \/><\/a><figcaption class=\"wp-element-caption\">Transformation de l&rsquo;aile Ouest de l&rsquo;\u00e9cole Saint-Joseph en 15 logements s\u00e9niors \u00e0 Plouguerneau (29) &#8211; ACT en cours<\/figcaption><\/figure>\n\n\n\n<figure class=\"wp-block-image size-large is-style-default\"><a href=\"https:\/\/antoinebtx.fr\/wordpress-incognito\/wp-content\/uploads\/2022\/04\/fa\u00e7ade-ext-cin\u00e9matographe-2.png\"><img loading=\"lazy\" decoding=\"async\" width=\"1001\" height=\"1024\" data-id=\"1791\" src=\"https:\/\/antoinebtx.fr\/wordpress-incognito\/wp-content\/uploads\/2022\/04\/fa\u00e7ade-ext-cin\u00e9matographe-2-1001x1024.png\" alt=\"\" class=\"wp-image-1791\" srcset=\"https:\/\/antoinebtx.fr\/wordpress-incognito\/wp-content\/uploads\/2022\/04\/fa\u00e7ade-ext-cin\u00e9matographe-2-1001x1024.png 1001w, https:\/\/antoinebtx.fr\/wordpress-incognito\/wp-content\/uploads\/2022\/04\/fa\u00e7ade-ext-cin\u00e9matographe-2-60x60.png 60w, https:\/\/antoinebtx.fr\/wordpress-incognito\/wp-content\/uploads\/2022\/04\/fa\u00e7ade-ext-cin\u00e9matographe-2-293x300.png 293w, https:\/\/antoinebtx.fr\/wordpress-incognito\/wp-content\/uploads\/2022\/04\/fa\u00e7ade-ext-cin\u00e9matographe-2-489x500.png 489w\" sizes=\"auto, (max-width: 1001px) 100vw, 1001px\" \/><\/a><figcaption class=\"wp-element-caption\">Am\u00e9nagement int\u00e9rieur du cin\u00e9matographe \u00e0 Nantes (44) &#8211; INCOGNITO Sc\u00e9nographe Co-traitant de BARRE-LAMBOT Architectes &#8211; DET en cours<\/figcaption><\/figure>\n\n\n\n<figure class=\"wp-block-image size-large is-style-default\"><a href=\"https:\/\/antoinebtx.fr\/wordpress-incognito\/wp-content\/uploads\/2022\/03\/fa\u00e7ade-ext-P\u00e9riers.png\"><img loading=\"lazy\" decoding=\"async\" width=\"1024\" height=\"678\" data-id=\"1779\" src=\"https:\/\/antoinebtx.fr\/wordpress-incognito\/wp-content\/uploads\/2022\/03\/fa\u00e7ade-ext-P\u00e9riers-1024x678.png\" alt=\"\" class=\"wp-image-1779\" srcset=\"https:\/\/antoinebtx.fr\/wordpress-incognito\/wp-content\/uploads\/2022\/03\/fa\u00e7ade-ext-P\u00e9riers-1024x678.png 1024w, https:\/\/antoinebtx.fr\/wordpress-incognito\/wp-content\/uploads\/2022\/03\/fa\u00e7ade-ext-P\u00e9riers-300x199.png 300w, https:\/\/antoinebtx.fr\/wordpress-incognito\/wp-content\/uploads\/2022\/03\/fa\u00e7ade-ext-P\u00e9riers-600x397.png 600w\" sizes=\"auto, (max-width: 1024px) 100vw, 1024px\" \/><\/a><figcaption class=\"wp-element-caption\">Salle de cin\u00e9ma et de spectacle vivant \u00e0 Perriers (50) &#8211; INCOGNITO Sc\u00e9nographe Co-traitant de dlb Architectes &#8211; DET en cours<\/figcaption><\/figure>\n<\/figure>\n\n\n\n<div style=\"height:100px\" aria-hidden=\"true\" class=\"wp-block-spacer\"><\/div>\n","protected":false},"excerpt":{"rendered":"","protected":false},"author":1,"featured_media":0,"parent":18,"menu_order":1,"comment_status":"closed","ping_status":"open","template":"template-agence-actualites.php","meta":{"footnotes":""},"class_list":["post-112","page","type-page","status-publish","hentry"],"_links":{"self":[{"href":"https:\/\/antoinebtx.fr\/wordpress-incognito\/wp-json\/wp\/v2\/pages\/112","targetHints":{"allow":["GET"]}}],"collection":[{"href":"https:\/\/antoinebtx.fr\/wordpress-incognito\/wp-json\/wp\/v2\/pages"}],"about":[{"href":"https:\/\/antoinebtx.fr\/wordpress-incognito\/wp-json\/wp\/v2\/types\/page"}],"author":[{"embeddable":true,"href":"https:\/\/antoinebtx.fr\/wordpress-incognito\/wp-json\/wp\/v2\/users\/1"}],"replies":[{"embeddable":true,"href":"https:\/\/antoinebtx.fr\/wordpress-incognito\/wp-json\/wp\/v2\/comments?post=112"}],"version-history":[{"count":242,"href":"https:\/\/antoinebtx.fr\/wordpress-incognito\/wp-json\/wp\/v2\/pages\/112\/revisions"}],"predecessor-version":[{"id":2250,"href":"https:\/\/antoinebtx.fr\/wordpress-incognito\/wp-json\/wp\/v2\/pages\/112\/revisions\/2250"}],"up":[{"embeddable":true,"href":"https:\/\/antoinebtx.fr\/wordpress-incognito\/wp-json\/wp\/v2\/pages\/18"}],"wp:attachment":[{"href":"https:\/\/antoinebtx.fr\/wordpress-incognito\/wp-json\/wp\/v2\/media?parent=112"}],"curies":[{"name":"wp","href":"https:\/\/api.w.org\/{rel}","templated":true}]}}