{"id":526,"date":"2016-12-05T12:01:53","date_gmt":"2016-12-05T11:01:53","guid":{"rendered":"http:\/\/antoinebtx.fr\/wordpress-incognito\/?page_id=526"},"modified":"2024-03-27T15:25:55","modified_gmt":"2024-03-27T14:25:55","slug":"mentions-legales","status":"publish","type":"page","link":"https:\/\/antoinebtx.fr\/wordpress-incognito\/mentions-legales\/","title":{"rendered":"Mentions l\u00e9gales"},"content":{"rendered":"<h5>Editeur<\/h5>\n<h2><b>INCOGNITO &#8211; Architecture &#038; Sc\u00e9nographie<b><\/h2>\n<p>Adresse : 35 rue Saint Malo &#8211; 29200 BREST<br \/>\nResponsables de publication : Alain Dumont et Sophie Roche<br \/>\nT\u00e9l\u00e9phone : 02 98 33 17 12<br \/>\nN\u00b0 SIRET : 43475349700032<\/p>\n<h5>Site<\/h5>\n<p>Adresse du site : <a href=\"http:\/\/www.incognito-as.com\">www.incognito-as.com<\/a><br \/>\nEmail : <a href=\"mailto:contact@incognito-as.com\">contact@incognito-as.com<\/a><\/p>\n<h5>H\u00e9bergeur<\/h5>\n<h2><b>OVH<\/b><\/h2>\n<p>Adresse : 2 rue Kellermann &#8211; 59100 ROUBAIX<br \/>\nSite de l&rsquo;h\u00e9bergeur : <a href=\"http:\/\/www.ovh.com\" target=\"_blank\">www.ovh.com<\/a><\/p>\n<h5>D\u00e9veloppeur<\/h5>\n<h2><b>Antoine Boiteux<\/b><\/h2>\n<p>Adresse : 18, rue de la Carterie &#8211; 44000 NANTES<br \/>\nSite du d\u00e9veloppeur : <a href=\"http:\/\/www.antoinebtx.fr\" target=\"_blank\">www.antoinebtx.fr<\/a><br \/>\nN\u00b0 SIRET : 53526043400027<\/p>\n<h5>Donn\u00e9es personnelles<\/h5>\n<p>Les informations recueillies \u00e0 partir du formulaire de contact font l\u2019objet d\u2019un traitement informatique destin\u00e9 \u00e0 : INCOGNITO &#8211; Architecture &#038; Sc\u00e9nographie<br \/>\nConform\u00e9ment \u00e0 la loi \u00ab informatique et libert\u00e9s \u00bb du 6 janvier 1978 modifi\u00e9e, vous disposez d\u2019un droit d\u2019acc\u00e8s et de rectification aux informations qui vous concernent.<br \/>\nVous pouvez acc\u00e9der aux informations vous concernant en vous adressant \u00e0 : <a href=\"mailto:contact@incognito-as.com\">contact@incognito-as.com<\/a><br \/>\nVous pouvez \u00e9galement, pour des motifs l\u00e9gitimes, vous opposer au traitement des donn\u00e9es vous concernant.<br \/>\nPour en savoir plus, consultez vos droits sur le site de la <a href=\"http:\/\/www.cnil.fr\" target=\"_blank\">CNIL<\/a>.<\/p>\n","protected":false},"excerpt":{"rendered":"<p>Editeur INCOGNITO &#8211; Architecture &#038; Sc\u00e9nographie Adresse : 35 rue Saint Malo &#8211; 29200 BREST Responsables de publication : Alain Dumont et Sophie Roche T\u00e9l\u00e9phone : 02 98 33 17 12 N\u00b0 SIRET : 43475349700032 Site Adresse du site : www.incognito-as.com Email : contact@incognito-as.com H\u00e9bergeur OVH Adresse : 2 rue Kellermann &#8211; 59100 ROUBAIX Site [&hellip;]<\/p>\n","protected":false},"author":1,"featured_media":0,"parent":0,"menu_order":0,"comment_status":"open","ping_status":"open","template":"mentions-legales.php","meta":{"footnotes":""},"class_list":["post-526","page","type-page","status-publish","hentry"],"_links":{"self":[{"href":"https:\/\/antoinebtx.fr\/wordpress-incognito\/wp-json\/wp\/v2\/pages\/526","targetHints":{"allow":["GET"]}}],"collection":[{"href":"https:\/\/antoinebtx.fr\/wordpress-incognito\/wp-json\/wp\/v2\/pages"}],"about":[{"href":"https:\/\/antoinebtx.fr\/wordpress-incognito\/wp-json\/wp\/v2\/types\/page"}],"author":[{"embeddable":true,"href":"https:\/\/antoinebtx.fr\/wordpress-incognito\/wp-json\/wp\/v2\/users\/1"}],"replies":[{"embeddable":true,"href":"https:\/\/antoinebtx.fr\/wordpress-incognito\/wp-json\/wp\/v2\/comments?post=526"}],"version-history":[{"count":20,"href":"https:\/\/antoinebtx.fr\/wordpress-incognito\/wp-json\/wp\/v2\/pages\/526\/revisions"}],"predecessor-version":[{"id":1871,"href":"https:\/\/antoinebtx.fr\/wordpress-incognito\/wp-json\/wp\/v2\/pages\/526\/revisions\/1871"}],"wp:attachment":[{"href":"https:\/\/antoinebtx.fr\/wordpress-incognito\/wp-json\/wp\/v2\/media?parent=526"}],"curies":[{"name":"wp","href":"https:\/\/api.w.org\/{rel}","templated":true}]}}